(q) = -290*q + 3486. Let w be v(12). Determine x(w).
1
Let z = -99 - -101. Let q(b) = 8 - b**z - b**3 + 5 + 3 - 17. Let l(a) = a**3 + 3*a**2 + a - 13. Let j(g) = l(g) + 2*q(g). Determine j(0).
-15
Suppose 3*p - 2*n - 169 = 0, n + n = 2*p - 116. Let u = p + -50. Let g(c) = -2 + 5*c**2 + 3*c + u - c**3 + 2*c. What is g(6)?
-5
Suppose 9*o = -14 + 32. Let a(h) = -38 + 71 - 34 + 5*h**2 + o*h. Determine a(1).
6
Let i(s) = -s**2 + 8*s + 5. Let m(z) = -z**2 - 38*z + 87. Let g be m(2). Calculate i(g).
12
Let i(c) = 3*c + 1. Let d(x) = 16*x - 5. Let y be d(-2). Let k = 39 + y. Suppose -2*j = 4*s + 6, -4*j - 2 + 10 = -k*s. Give i(s).
-5
Suppose 65*l + 74*l = -556. Let z(b) = -9*b - 6. What is z(l)?
30
Let q(x) be the first derivative of -9*x**2/2 + 5*x - 1140. Let h be (1 + (-2)/3)/((-2)/(-6)). Calculate q(h).
-4
Let j(n) = -75*n**2 + 5*n + 3. Let d(q) = -412*q**2 + 26*q + 15. Let a(o) = 2*d(o) - 11*j(o). Let y be (-4)/(-14) + (-26)/(-7). Give a(y).
1
Let n = -1/27040 + 40561/27040. Let k(i) be the first derivative of 24 + 0*i**2 - i + 2/3*i**3 + n*i**4. Calculate k(1).
7
Let t(b) = b - 3. Let n(f) = -f**2 - 5*f - 7. Let l be -1*(-6)/2 - -10. Let d be (-2)/l + (-567)/117. Let q be n(d). Calculate t(q).
-10
Let l(d) = -77*d + 43. Let c(t) = 69*t - 43. Let v(q) = 5*c(q) + 4*l(q). Give v(1).
-6
Let m(y) = 3*y - 4. Let k(a) = a - 1. Let x(o) = -8*k(o) + 3*m(o). Let j be (9/18)/((-12)/144). Determine x(j).
-10
Let n(z) be the first derivative of -3/2*z**2 + 13 + 12*z + 8/3*z**3 - 1/4*z**4. Let i = 8 - 0. Calculate n(i).
-12
Suppose 5*f + 19 = -1, 2*j - 5*f = -286. Let m = j + 147. Let p(d) = -9 - 6*d - d**2 - 2*d + 0*d**2. Give p(m).
3
Let s(f) = 11*f + 0*f**2 - 7*f - 2*f + f**2 - f - 19. Let v = -54 + 59. Suppose -v*a = -3*a. Calculate s(a).
-19
Let p(v) be the first derivative of 3*v + 9 + 0*v**3 + v**4 - 3/2*v**2. Calculate p(2).
29
Let i(j) = -j**2 - 57*j - 27. Let o(b) = -b**2 - 23*b - 14. Let p(s) = -2*i(s) + 5*o(s). Calculate p(0).
-16
Let t(o) = 4*o**2 - 2*o - 7. Let w be t(2). Suppose 2*h + 5*m + 1 = 0, m - 12 = -4*h + 5*m. Let q(v) = 2*v - 6 + 4 + 7 - 6*v**h + v**3. Determine q(w).
-10
Let q = 30 - 30. Let s(d) = q - 28*d**2 - 23*d**2 + 45*d**2 + 2 + d. Calculate s(-1).
-5
Let y(m) be the second derivative of m**4/12 + m**3/2 - 7*m**2 - 215*m + 2. Determine y(9).
94
Let w be (13/10 + (-49)/(-245))*(-4)/2. Let c = -13 + 15. Let a(i) = 5 + 0 + 2*i - 1 - c*i**2 + 0. Calculate a(w).
-20
Let w(y) = 28*y - 110*y + 6*y + 38 + 42*y. What is w(1)?
4
Let r = -245 - -248. Suppose j = -2*k + 11, 7 = k + 2*j + r. Let x(g) = 3*g - 2. Calculate x(k).
16
Let v(c) = -2*c**3 + c**2 + 2*c + 1. Let s(b) be the second derivative of b**3/3 - 9*b**2/2 + b. Let z be s(8). Suppose -3*l + 4 = z. Determine v(l).
2
Let v be ((-8)/2)/((-76)/190). Let b(s) = -v*s - s - 5 + 10*s - s**2. Give b(0).
-5
Let f(h) be the first derivative of 21 - 3*h**2 + 2/3*h**3 + 0*h. Suppose 5*g - 3*g - 18 = 5*j, -5*g + 3*j = -26. Calculate f(g).
8
Suppose -5*x = -i - 47, 44 = 23*x - 18*x - 2*i. Let n(d) = 10*d**2 - 20*d + 36. Let g(k) = -3*k**2 + 7*k - 12. Let c(j) = -7*g(j) - 2*n(j). Give c(x).
22
Let y(i) = -i**2 - 20*i - 21. Let k(d) = 5*d**2 + 118*d + 105. Let h(w) = -2*k(w) - 11*y(w). What is h(12)?
-27
Let f(v) = -11*v**3 - 5*v - 93*v**2 - 13 + 97*v**2 + 7*v**3 + 2*v**3. Let d(o) = 3*o**3 - 8*o**2 + 11*o + 24. Let g(h) = 3*d(h) + 5*f(h). Calculate g(-5).
-8
Let h = 2054 - 1203. Let b(c) = -h*c + 850*c - 19 + 5. Let t be (-2)/(-8) - (-90)/(-8). Give b(t).
-3
Let b(s) be the first derivative of -s**3/3 + 3*s**2/2 + s - 85. Let r be (-2 - -1)/1 - -3. Determine b(r).
3
Let i(u) = 17*u**2 - 24*u - 34. Let v(c) = -5*c**2 + 8*c + 11. Let y(n) = 2*i(n) + 7*v(n). Calculate y(9).
0
Let f(n) = -n**2 + 6*n + 1. Let x(r) = -r**2 - 23*r + 117. Let d be x(-27). Determine f(d).
-26
Let h(d) = d**2 + 8*d + 1. Suppose 2*p = s - 73, 0 = -4*s + 10 + 2. Let w(f) = 2*f**3 + 71*f**2 + 33*f - 78. Let q be w(p). What is h(q)?
1
Let p(h) = 32*h + 9. Let n(t) = -51*t - 15. Let m(v) = 5*n(v) + 8*p(v). Determine m(9).
6
Let i(f) be the first derivative of 70 - 2*f + 1/2*f**2 + 2/3*f**3. Give i(1).
1
Let m(n) be the first derivative of -n**3/3 + n**2 + 2*n + 417. What is m(0)?
2
Let g(u) = 5*u**2 - 6*u + 13. Let l(w) = w**3 + 3*w**2 - 19*w - 3. Let s be l(-6). Let d(a) = 7*a**2 - 4*a + 15. Let x(m) = s*g(m) - 2*d(m). Calculate x(9).
0
Let w(v) = v**2 - 20*v + 7. Let o be (-10 - (-392)/42)/((-4)/108 + 0). Give w(o).
-29
Suppose 5*i + 15 = -5. Let f(t) = 239 + t**2 + 3*t - t**2 - 233 + t**2. Determine f(i).
10
Let j(d) = d**3 - 5*d**2 + 5*d - 3. Suppose -5*x + 8*c - 6*c + 328 = 0, c = 3*x - 196. Suppose -13*v = -103 + x. Give j(v).
-6
Let g = 39 + -44. Let f(i) be the first derivative of i**4/4 + i**3 - 7*i**2/2 - 6*i - 300. Give f(g).
-21
Suppose -50 = -34*o + 18. Suppose -3*m = 5*t - 4, 39*t = o*m + 41*t - 8. Let v(n) = -n**3 + 7*n**2 + 10*n + 7. Give v(m).
23
Let j(u) be the third derivative of 7*u**6/15 - u**5/30 + u**4/12 - 5534*u**2. Calculate j(1).
56
Suppose -5*p + 3 = -4*p + r, 2*r - 14 = -4*p. Let g(w) = 0*w + p*w + 4*w - 7*w. What is g(-6)?
-6
Let h(n) = -5*n**2 + 250*n + 38. Let k(q) = 6*q**2 - 308*q - 37. Let p(g) = 5*h(g) + 4*k(g). Calculate p(17).
59
Suppose 80*f - 84*f + 68 = 2*d, 5*f + 5*d = 80. Let r(h) = h**2 - 21*h + 46. Calculate r(f).
-8
Let j(g) = 4*g**3 + 2*g**2 - 4*g - 5. Suppose 74*z = 47*z - 54. Give j(z).
-21
Let v be (-3)/(-1) + (-3 - -43)/(-4). Let n(y) = -y**3 - 6*y**2 + 6*y. Determine n(v).
7
Let m(o) = 2*o**2 - 101*o + 150. Let b(c) = 52*c**2 + 1507*c + 20. Let w be b(-29). Give m(w).
3
Let n(c) = -18*c**3 + 19*c**2 + 16. Let s(j) = 14*j**3 - 20*j**2 + 2*j - 16. Let x(g) = 3*n(g) + 4*s(g). Calculate x(11).
-49
Let g(x) = -10*x**2 + 359*x**3 - 360*x**3 + 31 - 8*x**2 + 12*x**2 - 12. Give g(-5).
-6
Suppose 167*c + 157 = c - 9. Let t(j) = 9*j**3 - 2*j**2 - 2*j - 1. What is t(c)?
-10
Let y(r) = -2*r + 1. Let p be (-4)/1 + 10 + -6. Suppose 3*m - 5*w + 1 = -2, 2*m + w - 11 = p. Give y(m).
-7
Suppose 18 = 3*a, a = 5*h + 15 - 4. Let b(t) = -t**2 - 8*t - 5. Determine b(h).
2
Let x(p) = 2*p**2 + 14*p + 5. Let w = -2207 + 2200. What is x(w)?
5
Let o(z) be the first derivative of 0*z + 10 - 1/2*z**2. Let a(g) = 3*g. Let t(h) = -a(h) - 4*o(h). What is t(1)?
1
Let d(m) = m + 6. Let u(z) = 6*z - 16. Let i be u(4). Let x be -2 - (i/4 + -4). Determine d(x).
6
Let m(g) be the third derivative of -g**4/4 + 9*g**3/2 + 2*g**2 + 16*g + 105. What is m(7)?
-15
Let a(q) = -4*q**3 + q**2. Let k be 10 + -3 - 2*-1. Suppose -5*x - 2 = -k*x - 2*w, -3*w - 2 = x. Suppose -x = -m + 2*m. Calculate a(m).
5
Let v be 1/2*(26 - 22). Let o(z) = -z - 5*z + z**v - 6*z + 12 + 0*z. Give o(11).
1
Let t = -8 - -2. Let j = t + 12. Let q(v) be the third derivative of -v**5/60 + 7*v**4/24 - v**3/3 + 5291*v**2. Determine q(j).
4
Let s(a) be the third derivative of -a**6/120 - a**5/12 - a**4/4 + a**3/3 - 10*a**2 - 19*a - 1. Determine s(-4).
10
Let h(a) = -2*a**2 - 2*a. Let j(k) = 9*k**2 + 21*k + 44. Let z(p) = -4*h(p) - j(p). Give z(-6).
-2
Suppose 0 = -16*v + 13*v + 15. Let r(t) = t + v + 9 - 25 + 7. Give r(-7).
-11
Suppose -2*g + 22 = 4*x, 3*g + 3*x - 18 = -0*g. Let l be g/(-3)*(-144)/12. Suppose 4 = 6*f - 4*f + l*r, 9 = 3*r. Let i(k) = k - 1. Give i(f).
-5
Suppose 4*s + 132*w - 129*w + 73 = 0, 0 = 3*w + 21. Let z(l) = -2*l**3 - 26*l**2 - l - 21. Give z(s).
-8
Let a(i) = -3*i. Let p(n) = n**2 - 1. Let y(g) = 13*g**3 + 4*g**2 - g - 3. Let f(q) = 3*p(q) - y(q). Let u be f(1). Let r = 14 + u. Determine a(r).
-3
Let l(t) = t**2 + t - 4. Let w be l(-3). Let g(o) = -4*o - 2*o + 5*o**w - o**3 - 11*o**2 - 4. Let z be 5*(203/(-232) - 2/16). Give g(z).
1
Let r(t) be the first derivative of t**4/12 + t**3/3 - t**2/2 - 123*t - 97. Let o(s) be the first derivative of r(s). Suppose 4*j = -0*j + 4. Give o(j).
2
Let r(i) = i**3 + 5*i**2 - 4*i - 7. Let v be r(-5). Let f(c) = c**2 + 10*c + v*c - 34*c + 13*c. What is f(-2)?
0
Suppose t = -4*w + 13, t - 3*t = -5*w. Let k(i) = 70 - 5*i - 76 + w*i. Calculate k(-6).
12
Let u(d) = d**3 - 2*d**2 - 9*d + 29. Let i be u(3). Let o(n) = 3*n**2 + 19 - 9 - i + 27*n**2. Give o(-1).
29
Let k(x) = 11*x**3 - 2*x**2 - 3*x + 3. Let p(r) = -2*r**3 + r. Let s(g) = -k(g) - 6*p(g). What is s(-4)?
-23
Let b be (-1408)/512 - 